{"id":4184,"date":"2023-09-30T16:42:37","date_gmt":"2023-09-30T14:42:37","guid":{"rendered":"https:\/\/mon-atelier-creatif.fr\/?post_type=product&#038;p=4184"},"modified":"2025-12-29T17:28:59","modified_gmt":"2025-12-29T16:28:59","slug":"cubes-a-empiler-personnalisables","status":"publish","type":"product","link":"https:\/\/mon-atelier-creatif.fr\/index.php\/product\/cubes-a-empiler-personnalisables\/","title":{"rendered":"Cubes \u00e0 empiler personnalisables"},"content":{"rendered":"","protected":false},"excerpt":{"rendered":"<p><strong>REF-735<\/strong><br \/>\nChacun de ces cubes mesure entre 10 cm pour le plus grand et 5 cm pour le plus petit. On retrouve sur les 5 faces, un pr\u00e9nom, des images d&#8217;animaux, ainsi que des nombres. Ces cubes sont con\u00e7us pour aider les enfants \u00e0 d\u00e9velopper leurs comp\u00e9tences cognitives et leur apprentissage en associant des concepts tels que les mots, les animaux et les chiffres. Ils offrent une exp\u00e9rience ludique et \u00e9ducative pour les enfants tout en favorisant leur d\u00e9veloppement intellectuel.<br \/>\nUn maximum de  6 lettres est compatible avec ce produit.<br \/>\n<strong>Contactez-moi par mail ou t\u00e9l\u00e9phone pour tous renseignements ou pour passer commande<\/strong><\/p>\n","protected":false},"featured_media":4142,"comment_status":"open","ping_status":"closed","template":"","meta":[],"product_cat":[15,240,254],"product_tag":[],"class_list":{"0":"post-4184","1":"product","2":"type-product","3":"status-publish","4":"has-post-thumbnail","6":"product_cat-uncategorized","7":"product_cat-jeux-en-bois","8":"product_cat-personnalisation","9":"notblog","11":"first","12":"instock","13":"shipping-taxable","14":"purchasable","15":"product-type-simple"},"aioseo_notices":[],"jetpack_sharing_enabled":true,"_links":{"self":[{"href":"https:\/\/mon-atelier-creatif.fr\/index.php\/wp-json\/wp\/v2\/product\/4184","targetHints":{"allow":["GET"]}}],"collection":[{"href":"https:\/\/mon-atelier-creatif.fr\/index.php\/wp-json\/wp\/v2\/product"}],"about":[{"href":"https:\/\/mon-atelier-creatif.fr\/index.php\/wp-json\/wp\/v2\/types\/product"}],"replies":[{"embeddable":true,"href":"https:\/\/mon-atelier-creatif.fr\/index.php\/wp-json\/wp\/v2\/comments?post=4184"}],"wp:featuredmedia":[{"embeddable":true,"href":"https:\/\/mon-atelier-creatif.fr\/index.php\/wp-json\/wp\/v2\/media\/4142"}],"wp:attachment":[{"href":"https:\/\/mon-atelier-creatif.fr\/index.php\/wp-json\/wp\/v2\/media?parent=4184"}],"wp:term":[{"taxonomy":"product_cat","embeddable":true,"href":"https:\/\/mon-atelier-creatif.fr\/index.php\/wp-json\/wp\/v2\/product_cat?post=4184"},{"taxonomy":"product_tag","embeddable":true,"href":"https:\/\/mon-atelier-creatif.fr\/index.php\/wp-json\/wp\/v2\/product_tag?post=4184"}],"curies":[{"name":"wp","href":"https:\/\/api.w.org\/{rel}","templated":true}]}}