{"id":4195,"date":"2023-09-30T17:22:21","date_gmt":"2023-09-30T15:22:21","guid":{"rendered":"https:\/\/mon-atelier-creatif.fr\/?post_type=product&#038;p=4195"},"modified":"2025-12-27T17:01:11","modified_gmt":"2025-12-27T16:01:11","slug":"lanterne-en-bois","status":"publish","type":"product","link":"https:\/\/mon-atelier-creatif.fr\/index.php\/product\/lanterne-en-bois\/","title":{"rendered":"Lanterne en bois"},"content":{"rendered":"<p><strong>REF-300<\/strong><\/p>\n<p>Une jolie lanterne finement d\u00e9coup\u00e9e au laser. le dessus se l\u00e8ve pour y ins\u00e9rer une bougie \u00e0 led.<br \/>\nCette lanterne fera un plus belle effet sous une lumi\u00e8re tamis\u00e9e. <\/p>\n","protected":false},"excerpt":{"rendered":"<p>REF-300 Une jolie lanterne finement d\u00e9coup\u00e9e au laser. le dessus se l\u00e8ve pour y ins\u00e9rer une bougie \u00e0 led. Cette lanterne fera un plus belle effet sous une lumi\u00e8re tamis\u00e9e.<\/p>\n","protected":false},"featured_media":4137,"comment_status":"open","ping_status":"closed","template":"","meta":[],"product_cat":[253,166],"product_tag":[],"class_list":{"0":"post-4195","1":"product","2":"type-product","3":"status-publish","4":"has-post-thumbnail","6":"product_cat-decorations-de-tables","7":"product_cat-evenements-5","8":"notblog","10":"first","11":"instock","12":"shipping-taxable","13":"purchasable","14":"product-type-variable"},"aioseo_notices":[],"jetpack_sharing_enabled":true,"_links":{"self":[{"href":"https:\/\/mon-atelier-creatif.fr\/index.php\/wp-json\/wp\/v2\/product\/4195","targetHints":{"allow":["GET"]}}],"collection":[{"href":"https:\/\/mon-atelier-creatif.fr\/index.php\/wp-json\/wp\/v2\/product"}],"about":[{"href":"https:\/\/mon-atelier-creatif.fr\/index.php\/wp-json\/wp\/v2\/types\/product"}],"replies":[{"embeddable":true,"href":"https:\/\/mon-atelier-creatif.fr\/index.php\/wp-json\/wp\/v2\/comments?post=4195"}],"wp:featuredmedia":[{"embeddable":true,"href":"https:\/\/mon-atelier-creatif.fr\/index.php\/wp-json\/wp\/v2\/media\/4137"}],"wp:attachment":[{"href":"https:\/\/mon-atelier-creatif.fr\/index.php\/wp-json\/wp\/v2\/media?parent=4195"}],"wp:term":[{"taxonomy":"product_cat","embeddable":true,"href":"https:\/\/mon-atelier-creatif.fr\/index.php\/wp-json\/wp\/v2\/product_cat?post=4195"},{"taxonomy":"product_tag","embeddable":true,"href":"https:\/\/mon-atelier-creatif.fr\/index.php\/wp-json\/wp\/v2\/product_tag?post=4195"}],"curies":[{"name":"wp","href":"https:\/\/api.w.org\/{rel}","templated":true}]}}