{"id":4255,"date":"2023-10-07T16:11:57","date_gmt":"2023-10-07T14:11:57","guid":{"rendered":"https:\/\/mon-atelier-creatif.fr\/?post_type=product&#038;p=4255"},"modified":"2024-01-11T16:43:06","modified_gmt":"2024-01-11T15:43:06","slug":"puzzle-voiture-a-peindre-4-pieces","status":"publish","type":"product","link":"https:\/\/mon-atelier-creatif.fr\/index.php\/product\/puzzle-voiture-a-peindre-4-pieces\/","title":{"rendered":"Puzzle voiture \u00e0 peindre &#8211; 4 pi\u00e8ces"},"content":{"rendered":"","protected":false},"excerpt":{"rendered":"<p><strong>REF-790<\/strong><br \/>\nOffrez \u00e0 votre enfant un puzzle en bois \u00e0 peindre. C&#8217;est une activit\u00e9 cr\u00e9ative qui lui permettra de personnaliser son propre puzzle, le rendant unique. Encouragez l&#8217;expression artistique de votre enfant tout en s&#8217;amusant \u00e0 r\u00e9soudre le puzzle qu&#8217;il a cr\u00e9\u00e9. Une exp\u00e9rience enrichissante et amusante pour les petits artistes en herbe.<\/p>\n","protected":false},"featured_media":4235,"comment_status":"open","ping_status":"closed","template":"","meta":[],"product_cat":[241],"product_tag":[],"class_list":{"0":"post-4255","1":"product","2":"type-product","3":"status-publish","4":"has-post-thumbnail","6":"product_cat-puzzles-en-bois","7":"notblog","9":"first","10":"instock","11":"shipping-taxable","12":"purchasable","13":"product-type-simple"},"aioseo_notices":[],"jetpack_sharing_enabled":true,"_links":{"self":[{"href":"https:\/\/mon-atelier-creatif.fr\/index.php\/wp-json\/wp\/v2\/product\/4255","targetHints":{"allow":["GET"]}}],"collection":[{"href":"https:\/\/mon-atelier-creatif.fr\/index.php\/wp-json\/wp\/v2\/product"}],"about":[{"href":"https:\/\/mon-atelier-creatif.fr\/index.php\/wp-json\/wp\/v2\/types\/product"}],"replies":[{"embeddable":true,"href":"https:\/\/mon-atelier-creatif.fr\/index.php\/wp-json\/wp\/v2\/comments?post=4255"}],"wp:featuredmedia":[{"embeddable":true,"href":"https:\/\/mon-atelier-creatif.fr\/index.php\/wp-json\/wp\/v2\/media\/4235"}],"wp:attachment":[{"href":"https:\/\/mon-atelier-creatif.fr\/index.php\/wp-json\/wp\/v2\/media?parent=4255"}],"wp:term":[{"taxonomy":"product_cat","embeddable":true,"href":"https:\/\/mon-atelier-creatif.fr\/index.php\/wp-json\/wp\/v2\/product_cat?post=4255"},{"taxonomy":"product_tag","embeddable":true,"href":"https:\/\/mon-atelier-creatif.fr\/index.php\/wp-json\/wp\/v2\/product_tag?post=4255"}],"curies":[{"name":"wp","href":"https:\/\/api.w.org\/{rel}","templated":true}]}}