{"id":5187,"date":"2024-02-02T18:05:27","date_gmt":"2024-02-02T17:05:27","guid":{"rendered":"https:\/\/mon-atelier-creatif.fr\/?post_type=product&#038;p=5187"},"modified":"2025-12-29T17:06:25","modified_gmt":"2025-12-29T16:06:25","slug":"suspension-lumineuse","status":"publish","type":"product","link":"https:\/\/mon-atelier-creatif.fr\/index.php\/product\/suspension-lumineuse\/","title":{"rendered":"Suspension lumineuse mari\u00e9s"},"content":{"rendered":"","protected":false},"excerpt":{"rendered":"<p><strong>REf-709<\/strong><br \/>\nJolie suspension lumineuse en bois naturel et plexi. Un couple de mari\u00e9s est d\u00e9coup\u00e9 en fa\u00e7ade.<br \/>\nGr\u00e2ce \u00e0 sa lampe led, elle fera des plus beaux effets lorsqu&#8217;elle sera accroch\u00e9e avec la ficelle incluse.<br \/>\n<strong>Contactez-moi par mail ou t\u00e9l\u00e9phone pour tous renseignements ou pour passer commande<\/strong><\/p>\n","protected":false},"featured_media":5218,"comment_status":"open","ping_status":"closed","template":"","meta":[],"product_cat":[215,157],"product_tag":[],"class_list":{"0":"post-5187","1":"product","2":"type-product","3":"status-publish","4":"has-post-thumbnail","6":"product_cat-en-bois","7":"product_cat-evenements-2","8":"notblog","10":"first","11":"instock","12":"shipping-taxable","13":"purchasable","14":"product-type-simple"},"aioseo_notices":[],"jetpack_sharing_enabled":true,"_links":{"self":[{"href":"https:\/\/mon-atelier-creatif.fr\/index.php\/wp-json\/wp\/v2\/product\/5187","targetHints":{"allow":["GET"]}}],"collection":[{"href":"https:\/\/mon-atelier-creatif.fr\/index.php\/wp-json\/wp\/v2\/product"}],"about":[{"href":"https:\/\/mon-atelier-creatif.fr\/index.php\/wp-json\/wp\/v2\/types\/product"}],"replies":[{"embeddable":true,"href":"https:\/\/mon-atelier-creatif.fr\/index.php\/wp-json\/wp\/v2\/comments?post=5187"}],"wp:featuredmedia":[{"embeddable":true,"href":"https:\/\/mon-atelier-creatif.fr\/index.php\/wp-json\/wp\/v2\/media\/5218"}],"wp:attachment":[{"href":"https:\/\/mon-atelier-creatif.fr\/index.php\/wp-json\/wp\/v2\/media?parent=5187"}],"wp:term":[{"taxonomy":"product_cat","embeddable":true,"href":"https:\/\/mon-atelier-creatif.fr\/index.php\/wp-json\/wp\/v2\/product_cat?post=5187"},{"taxonomy":"product_tag","embeddable":true,"href":"https:\/\/mon-atelier-creatif.fr\/index.php\/wp-json\/wp\/v2\/product_tag?post=5187"}],"curies":[{"name":"wp","href":"https:\/\/api.w.org\/{rel}","templated":true}]}}