{"id":7373,"date":"2024-08-06T17:04:14","date_gmt":"2024-08-06T15:04:14","guid":{"rendered":"https:\/\/mon-atelier-creatif.fr\/?post_type=product&#038;p=7373"},"modified":"2024-08-06T17:04:14","modified_gmt":"2024-08-06T15:04:14","slug":"armoire-range-boucles-doreilles","status":"publish","type":"product","link":"https:\/\/mon-atelier-creatif.fr\/index.php\/product\/armoire-range-boucles-doreilles\/","title":{"rendered":"Armoire range boucles d&#8217;oreilles"},"content":{"rendered":"","protected":false},"excerpt":{"rendered":"<p><strong>REF-766<\/strong><\/p>\n<p>Jolie et originale petite armoire \u00e0 boucles d&#8217;oreilles. R\u00e9alis\u00e9e en bois naturel peint en noir, vos bijoux seront prot\u00e9g\u00e9s de la poussi\u00e8re et de la lumi\u00e8res.<br \/>\nL&#8217;armoire comprends 9 cintres pour y ranger vos boucles d&#8217;oreilles. <\/p>\n","protected":false},"featured_media":7374,"comment_status":"open","ping_status":"closed","template":"","meta":[],"product_cat":[234,270,175,235],"product_tag":[],"class_list":{"0":"post-7373","1":"product","2":"type-product","3":"status-publish","4":"has-post-thumbnail","6":"product_cat-boites-a-bijoux-idees-cadeaux","7":"product_cat-en-bois-idees-cadeaux","8":"product_cat-idees-cadeaux","9":"product_cat-portes-bijoux","10":"notblog","12":"first","13":"instock","14":"shipping-taxable","15":"purchasable","16":"product-type-simple"},"aioseo_notices":[],"jetpack_sharing_enabled":true,"_links":{"self":[{"href":"https:\/\/mon-atelier-creatif.fr\/index.php\/wp-json\/wp\/v2\/product\/7373","targetHints":{"allow":["GET"]}}],"collection":[{"href":"https:\/\/mon-atelier-creatif.fr\/index.php\/wp-json\/wp\/v2\/product"}],"about":[{"href":"https:\/\/mon-atelier-creatif.fr\/index.php\/wp-json\/wp\/v2\/types\/product"}],"replies":[{"embeddable":true,"href":"https:\/\/mon-atelier-creatif.fr\/index.php\/wp-json\/wp\/v2\/comments?post=7373"}],"wp:featuredmedia":[{"embeddable":true,"href":"https:\/\/mon-atelier-creatif.fr\/index.php\/wp-json\/wp\/v2\/media\/7374"}],"wp:attachment":[{"href":"https:\/\/mon-atelier-creatif.fr\/index.php\/wp-json\/wp\/v2\/media?parent=7373"}],"wp:term":[{"taxonomy":"product_cat","embeddable":true,"href":"https:\/\/mon-atelier-creatif.fr\/index.php\/wp-json\/wp\/v2\/product_cat?post=7373"},{"taxonomy":"product_tag","embeddable":true,"href":"https:\/\/mon-atelier-creatif.fr\/index.php\/wp-json\/wp\/v2\/product_tag?post=7373"}],"curies":[{"name":"wp","href":"https:\/\/api.w.org\/{rel}","templated":true}]}}