{"id":7381,"date":"2024-09-02T16:49:34","date_gmt":"2024-09-02T14:49:34","guid":{"rendered":"https:\/\/mon-atelier-creatif.fr\/?post_type=product&#038;p=7381"},"modified":"2024-09-13T15:06:33","modified_gmt":"2024-09-13T13:06:33","slug":"cadre-rentree-scolaire","status":"publish","type":"product","link":"https:\/\/mon-atelier-creatif.fr\/index.php\/product\/cadre-rentree-scolaire\/","title":{"rendered":"Cadre rentr\u00e9e scolaire"},"content":{"rendered":"","protected":false},"excerpt":{"rendered":"<p><strong>REF- 304<\/strong><\/p>\n<p>Ce joli cadre en bois naturel fera de la rentr\u00e9e de votre enfant un moment inoubliable. Gr\u00e2ce \u00e0 ces parties munies d&#8217;un film \u00e0 tableau, vous pourrez inscrire et effacer \u00e0 volont\u00e9 les inscriptions n\u00e9cessaires \u00e0 chaque rentr\u00e9e. Un feutre \u00e0 tableau est fourni avec le cadre.<br \/>\nLes d\u00e9corations sur le tableau peuvent \u00eatre chang\u00e9s selon vos go\u00fbts. Il suffit de m&#8217;en faire la demande.   <\/p>\n","protected":false},"featured_media":7382,"comment_status":"open","ping_status":"closed","template":"","meta":[],"product_cat":[251,249,270,252,175],"product_tag":[],"class_list":{"0":"post-7381","1":"product","2":"type-product","3":"status-publish","4":"has-post-thumbnail","6":"product_cat-cadres-photos","7":"product_cat-decorations","8":"product_cat-en-bois-idees-cadeaux","9":"product_cat-famille","10":"product_cat-idees-cadeaux","11":"notblog","13":"first","14":"instock","15":"shipping-taxable","16":"purchasable","17":"product-type-simple"},"aioseo_notices":[],"jetpack_sharing_enabled":true,"_links":{"self":[{"href":"https:\/\/mon-atelier-creatif.fr\/index.php\/wp-json\/wp\/v2\/product\/7381","targetHints":{"allow":["GET"]}}],"collection":[{"href":"https:\/\/mon-atelier-creatif.fr\/index.php\/wp-json\/wp\/v2\/product"}],"about":[{"href":"https:\/\/mon-atelier-creatif.fr\/index.php\/wp-json\/wp\/v2\/types\/product"}],"replies":[{"embeddable":true,"href":"https:\/\/mon-atelier-creatif.fr\/index.php\/wp-json\/wp\/v2\/comments?post=7381"}],"wp:featuredmedia":[{"embeddable":true,"href":"https:\/\/mon-atelier-creatif.fr\/index.php\/wp-json\/wp\/v2\/media\/7382"}],"wp:attachment":[{"href":"https:\/\/mon-atelier-creatif.fr\/index.php\/wp-json\/wp\/v2\/media?parent=7381"}],"wp:term":[{"taxonomy":"product_cat","embeddable":true,"href":"https:\/\/mon-atelier-creatif.fr\/index.php\/wp-json\/wp\/v2\/product_cat?post=7381"},{"taxonomy":"product_tag","embeddable":true,"href":"https:\/\/mon-atelier-creatif.fr\/index.php\/wp-json\/wp\/v2\/product_tag?post=7381"}],"curies":[{"name":"wp","href":"https:\/\/api.w.org\/{rel}","templated":true}]}}